be 2*((-140)/(-8))/7. Suppose -167 = -3*k - m, 3*m - a = 2*m. What are the prime factors of k?
2, 3
Let o(f) = 12*f**3 - f**2 + 1. Let r be o(1). Let u = -7 + r. Suppose -u*d = j - 27, -5*d + 12 = -3. List the prime factors of j.
2, 3
Suppose 0 = q + 3, -15*j + 4*q = -13*j - 4038. List the prime factors of j.
3, 11, 61
Suppose 4*f = -1 + 5. Suppose -4*n = 5*b - 3*b, -2*n = 5*b - 24. Suppose q - f - b = 0. What are the prime factors of q?
7
Suppose -9*s = -6*s - 1047. Suppose -288 = -0*o - 4*o + 3*h, 0 = 5*o - h - s. List the prime factors of o.
3, 23
Let n(m) = -117*m - m**2 + 1 + 105*m + 5*m**2 - 9. Suppose 4*w + w - 30 = 0. What are the prime factors of n(w)?
2
Suppose -4*t - 1221 + 169 = 0. Let u = -157 - t. List the prime factors of u.
2, 53
Suppose -479 - 193 = -4*y. Suppose 0 = -9*t + 10*t - y. Suppose 4*n - 3*h = t, -h = 4*h. What are the prime factors of n?
2, 3, 7
Suppose 0 = -2*z + 5 - 1. Suppose 7*m + 44 = 58. List the prime factors of (-2)/(z/(-46)*m).
23
Let u = 3 + 10. Let t = -5 + u. List the prime factors of (7 - t/2) + 21.
2, 3
Suppose 7*x - 2094 - 9799 = 0. List the prime factors of x.
1699
Let h = -1676 + 3853. What are the prime factors of h?
7, 311
Suppose -4*m = -4*u + 20, -3*m + 1 = u - 2*m. Suppose u*r = 2 + 58. List the prime factors of r.
2, 5
Let b be (4/(-6))/(20/(-90)). Suppose -2 = s + 2*y + 3, b*s + y = 10. Suppose 2*k - v = 31, -k + 9 = -s*v - 11. What are the prime factors of k?
3, 5
List the prime factors of (-22239)/(-35) - (-6)/10.
2, 3, 53
Suppose -2*g + 17 = 3*c - 82, 2*c + 168 = 3*g. Let b = g - 39. List the prime factors of b.
3, 5
Suppose r + 4*r = 30. Suppose 4*g = g + r. Let t = g + 4. What are the prime factors of t?
2, 3
Let c be (-63)/4 - 4/16. Let i = c - -21. Suppose i*p - 12 = p. What are the prime factors of p?
3
Suppose -7*l - 227 = -2*l + s, 4*l + 4*s + 172 = 0. What are the prime factors of l/(0 + -1) - -3?
7
Suppose -w + 0*w - 3 = 0. Let b(l) = 4*l**2 - 3. List the prime factors of b(w).
3, 11
Suppose -18*u + 96*u - 407238 = 0. List the prime factors of u.
23, 227
Suppose 3 - 15 = -4*s - 4*w, 2*w = -2. Suppose -4*c - 314 = -2*b + 266, 0 = 4*b + s*c - 1220. What are the prime factors of b?
2, 3, 5
Let w(q) = 6*q**2 + 4*q + 79. What are the prime factors of w(13)?
5, 229
Let t(n) be the second derivative of -13*n**3/3 + n**2/2 + 3*n. Suppose 8*c - 3*c = 3*y + 8, y = -c. List the prime factors of t(y).
3
Let b(w) = w**2 + 5*w + 3. Let s be b(3). Suppose 2*c - s = 41. What are the prime factors of c/4 - 24/(-16)?
2, 5
Let u(v) = -v**2 + 10*v - 4. Let z be u(9). Let t = z - 7. List the prime factors of 34 - -3*(1 + t).
31
Suppose 38*m - 34*m = -3*v + 2849, 4*m = 4*v - 3808. List the prime factors of v.
3, 317
Suppose 4*g + 354 = 3*z, -2*g - 67 = 3*z + 119. Let c = g - -117. List the prime factors of c.
3
Suppose -82*q = -59*q - 23437. List the prime factors of q.
1019
Let l = -22 - -25. Suppose -5*n = 3*d - 157, 0*d - l*n = d - 47. What are the prime factors of d?
59
List the prime factors of 8 + 25 + -1 + 1.
3, 11
Let p(h) = h**2 + 8*h - 21. Let l be (-1)/6 - (-130)/(-12). Let f be p(l). List the prime factors of 21 - (f/4 - 5).
23
Let u(t) = 7*t**2 - 28*t - 24. What are the prime factors of u(12)?
2, 3
Let h be (-1336)/10 + 17/(-5) + 3. Let q = 294 + h. List the prime factors of q.
2, 5
Let b(n) = -2*n**2 + 66*n - 23. List the prime factors of b(10).
19, 23
Let x = -607 + 1101. Let c = x - 222. List the prime factors of c.
2, 17
Let l be (-2)/7 - (-115)/35. Suppose 4 = -o, 2*f = l*f + 5*o + 7. What are the prime factors of f?
13
Suppose -17*i = -13*i + 92. Let p = i - -103. List the prime factors of p.
2, 5
Suppose 20*d - 16 = 16*d. Suppose -45 = -d*v + 15. Suppose -3*n - 19 = -2*j, -3*n + 2 - v = j. List the prime factors of j.
2
Suppose 3*s = 9*z - 10*z + 1427, 5*s - 7155 = -5*z. What are the prime factors of z?
1433
Let s(n) = 101*n**2 - 6*n + 13. What are the prime factors of s(-5)?
2, 3, 107
Suppose 2*t + 3*n - 44 = 0, -2 = -2*n + n. Let w(y) = 5*y + 21. Let f be w(t). Suppose 4*z - f = 152. List the prime factors of z.
67
Suppose 2*x + 2821 = 2*s - 1835, -5*s = 4*x - 11631. What are the prime factors of s?
13, 179
Let b = 0 - 10. Let w(x) = -x**3 - 9*x**2 + 6*x - 6. What are the prime factors of w(b)?
2, 17
Suppose 5*n + b = 1530, -2*b - 1 = 9. List the prime factors of n.
307
Let w(n) be the third derivative of 0 - 23/24*n**4 - n**2 - 1/6*n**3 + 0*n. List the prime factors of w(-1).
2, 11
Let z be ((-14)/(-63) - 17/36)*-20. Suppose -h = -z*x + h + 309, 5*h - 295 = -5*x. What are the prime factors of x?
61
List the prime factors of ((-471)/4)/(81/(-432)).
2, 157
Let x = 3551 - 1922. What are the prime factors of x?
3, 181
Let s = -27 + 25. List the prime factors of (25 - 9) + 0/s.
2
Suppose -2258 - 5492 = -5*v. List the prime factors of v.
2, 5, 31
Let g(j) = -5*j + 2. Let x = 11 - 14. Let i be (9/x)/(15/50). List the prime factors of g(i).
2, 13
Suppose 13 = 2*f - 307. Suppose -11*c + f = -6*c. List the prime factors of c.
2
Let x = 7 - 2. Let g be (6/(-3) + 5)/3. What are the prime factors of x + 1*(-1)/g?
2
Suppose -8*h + 4664 + 1696 = 0. What are the prime factors of h?
3, 5, 53
Suppose -568 = -17*g + 265. What are the prime factors of g?
7
Suppose t - 10 = 3*t, -4*c = 3*t - 2185. List the prime factors of c.
2, 5, 11
Let w be (0/(0 + 2))/1. Suppose w*y + 474 = 3*y. Suppose 6*p - 28 - y = 0. List the prime factors of p.
31
Suppose -z - 4 = 3*t - 16, 5*z - t - 28 = 0. Let b(m) = m + 2. Let s(h) = -2*h - 5. Let n(v) = z*s(v) + 11*b(v). What are the prime factors of n(-16)?
2
Let x = 1693 + -556. What are the prime factors of x?
3, 379
List the prime factors of 407/66*(-2 - -8).
37
Suppose 31 = -8*r - 57. Let y(f) = f**3 + 14*f**2 + 24*f + 13. List the prime factors of y(r).
2, 7
Suppose 0 = -4*t - 5*c + c + 288, c = 2*t - 156. Let a = 2 - -1. List the prime factors of a + (-1 - t/(-4)).
3, 7
Suppose -7*t + 728 = -5*t. List the prime factors of t.
2, 7, 13
Suppose -t - 2*t = -24. Let v be (-88)/(-15) - (-2)/15. Let f = t - v. List the prime factors of f.
2
Let m be -7 + 13 - (-6)/2. Suppose -4*z - 3*g = -9, -2*z + m*g - 4*g = -11. Suppose -37 = -4*k + z*f - 2*f, 3*k - 18 = 4*f. List the prime factors of k.
2, 5
Suppose 5*m = 240 + 1360. List the prime factors of m.
2, 5
Let c(z) = 2*z**2 + 10*z + 9. Let g be c(-4). Let y(r) = 47*r**2 + 3*r - 2. List the prime factors of y(g).
2, 3
Let s(k) = k**2 + 4*k + 246. List the prime factors of s(-40).
2, 3, 281
Suppose 3*x + 14 = 2, -5*x - 167 = -3*j. Suppose -5*m = j - 254. List the prime factors of m.
41
Let k(a) = 6*a**3 - 2*a**2 - 23*a - 6. What are the prime factors of k(5)?
3, 193
Let h = -4 + -2. Let n(z) be the third derivative of z**5/60 + z**4/4 + z**3/3 - 5*z**2. What are the prime factors of n(h)?
2
Suppose 4*a + 0*z = -3*z + 60, a - 15 = z. Suppose -3*g - a + 3 = 0. List the prime factors of -2*(2/g + -1).
3
Suppose 0 = -b - 4*b - 25. Let v(t) = -t**3 - 6*t**2 - 11*t + 7. What are the prime factors of v(b)?
37
Suppose -39*m - 150 = -44*m. Let c be 6/m + 84/5. Suppose 4*t = 7 + c. What are the prime factors of t?
2, 3
Suppose 6*j + 1434 = 8778. List the prime factors of j.
2, 3, 17
Let g(u) = -u**2 + 7*u - 4. Let d be g(6). Suppose 5*r - 3*a = -a - d, 2*r = 4*a - 4. What are the prime factors of 38 - (-3)/(r + 3)?
3, 13
Let g(y) = -y**3 + 11*y**2 + 13*y - 7. Let m be g(12). Suppose m*c - 445 = -5*w, 5*w - 5*c - 466 = -3*c. List the prime factors of w.
2, 23
Let j(o) be the second derivative of o**4/2 + 2*o**3/3 - 3*o**2/2 + 7*o. List the prime factors of j(4).
109
Let b = 58 - 13. Suppose 0*t - b = 5*t. What are the prime factors of t + 6 - (-1 + -15)?
13
Suppose -2*v + 5 + 45 = 3*k, -v + 25 = -3*k. Let r = v + -43. What are the prime factors of (-2 + (-5)/10)*r?
3, 5
Let a(w) = 23*w - 46. List the prime factors of a(6).
2, 23
Let y be -3 + -21*1/(-3). Suppose -3*b - 2*b + 19 = -2*r, y*r = 2*b + 2. Suppose 196 = 3*w + h, -3*w + 4*h - r*h = -194. List the prime factors of w.
5, 13
What are the prime factors of (-220 - (-6)/3)*(18 - 19)?
2, 109
Let k(n) = n**2 - 7*n + 4. Let i be k(7). Suppose -i*s + 5 = -z, -3*z + 6*s - 4*s - 25 = 0. Let y = z - -15. What are the prime factors of y?
2, 3
Let u = -6 + 15. Suppose 2*k + 3*g - 7 = 0